127 prime?
True
Is 1876042777 a composite number?
True
Is 334105171 a composite number?
True
Is 737679281 composite?
True
Is 17561293619 composite?
True
Is 45817020479 a composite number?
False
Is 216163778123 a composite number?
True
Is 70361597077 composite?
True
Is 1217352767 prime?
False
Is 7669444571 prime?
True
Is 581073511 prime?
False
Is 19931987 prime?
True
Is 2211124483 prime?
False
Is 150130111 a prime number?
False
Is 4565014039 composite?
False
Is 35398284235 composite?
True
Is 44168180359 a composite number?
True
Is 29700450677 a prime number?
False
Is 2173966159 a prime number?
True
Is 6154583 composite?
True
Is 31484797157 a prime number?
False
Is 323215853 prime?
False
Is 2611829531 composite?
False
Is 6355291499 prime?
False
Is 14283306811 prime?
True
Is 207701539109 composite?
False
Is 49464708619 a composite number?
True
Is 424698871 a composite number?
True
Is 11142509899 a composite number?
False
Is 1721859661 a composite number?
True
Is 1384150321 a composite number?
False
Is 243164941 a composite number?
False
Is 25560079693 a prime number?
False
Is 586685689 composite?
True
Is 7323930923 prime?
False
Is 8935046873 a prime number?
True
Is 230639269 a prime number?
False
Is 4421498047 a composite number?
False
Is 56931761 a composite number?
True
Is 10913634835 a composite number?
True
Is 452041318033 prime?
True
Is 17688149329 prime?
True
Is 155421829 a composite number?
True
Is 16637919361 composite?
True
Is 65648228617 composite?
False
Is 4352467963 a composite number?
False
Is 77013593467 composite?
False
Is 386474261 composite?
False
Is 167861534549 prime?
True
Is 10929078343 a composite number?
False
Is 4502500763 composite?
True
Is 6427595891 composite?
False
Is 8320670737 composite?
False
Is 3121807967 a composite number?
True
Is 16530755 prime?
False
Is 172412115197 a composite number?
True
Is 67573853359 a prime number?
True
Is 1902572509 composite?
False
Is 91628525203 composite?
False
Is 33469604965 a composite number?
True
Is 232099033 a composite number?
False
Is 2165872431 composite?
True
Is 455283671 composite?
False
Is 660146303 a composite number?
True
Is 859101981 composite?
True
Is 13107971231 a composite number?
False
Is 2830065481 composite?
False
Is 325164713 composite?
False
Is 54894026555 a composite number?
True
Is 12923549517 composite?
True
Is 1034516149 a prime number?
False
Is 146504731 a composite number?
False
Is 24415319473 a composite number?
True
Is 909627347 composite?
True
Is 4574122885 a composite number?
True
Is 19131268139 composite?
False
Is 1284394247 a composite number?
False
Is 209988644813 a composite number?
True
Is 116535313 composite?
False
Is 766692539 a composite number?
True
Is 71602518271 composite?
True
Is 19476719269 prime?
False
Is 7811086537 a prime number?
True
Is 15627207809 a prime number?
True
Is 729712909 prime?
True
Is 3871317823 a composite number?
True
Is 37737064817 a prime number?
True
Is 7172427187 prime?
False
Is 8738290129 a composite number?
False
Is 4267195327 prime?
True
Is 11169790717 composite?
False
Is 169808995 composite?
True
Is 3846116987 a composite number?
False
Is 765343511 a prime number?
True
Is 1135030997 composite?
False
Is 1135020661 composite?
False
Is 9569216341 a composite number?
False
Is 13805157631 a prime number?
True
Is 43634607 prime?
False
Is 3461232823 a prime number?
True
Is 1091725523 composite?
True
Is 475565927 a prime number?
True
Is 725113187 composite?
True
Is 38218227763 a prime number?
False
Is 54686715203 prime?
True
Is 12756063979 prime?
False
Is 4980741401 prime?
False
Is 2019109871 prime?
False
Is 78683238053 a prime number?
False
Is 1978886933 composite?
True
Is 632055701 composite?
False
Is 9178210477 a prime number?
False
Is 21636748993 composite?
False
Is 1930355146 composite?
True
Is 182950843 prime?
True
Is 137095923509 a composite number?
False
Is 102890917 a prime number?
True
Is 559292065 a prime number?
False
Is 829772917 a composite number?
False
Is 2449815037 composite?
False
Is 488659697 composite?
True
Is 4375273081 a composite number?
False
Is 488174573 a prime number?
False
Is 161366977 composite?
True
Is 98059310641 a prime number?
False
Is 116892907 prime?
False
Is 116669740417 a prime number?
True
Is 109043567827 a composite number?
True
Is 1191952241 composite?
False
Is 420241117 prime?
False
Is 76991537365 prime?
False
Is 262975490131 a composite number?
False
Is 186342651727 composite?
False
Is 1759142927 composite?
True
Is 63100825309 composite?
True
Is 8728012357 prime?
True
Is 4131004057 a composite number?
True
Is 3780311099 prime?
True
Is 17614111169 a composite number?
False
Is 8114475399 prime?
False
Is 9239718821 composite?
False
Is 246134183 a composite number?
True
Is 2935428893 prime?
False
Is 28126323017 composite?
True
Is 6189627749 a composite number?
False
Is 25597568783 composite?
True
Is 727860209 composite?
False
Is 968479599 composite?
True
Is 7973400661 composite?
True
Is 1510274839 a composite number?
False
Is 227178323417 a composite number?
True
Is 7704377929 a prime number?
False
Is 19802680489 a composite number?
False
Is 35132594501 composite?
True
Is 122154265903 composite?
False
Is 14352715253 prime?
True
Is 448424707 a prime number?
True
Is 982549859 a prime number?
False
Is 36836785849 a composite number?
False
Is 595072027 prime?
False
Is 137371151 prime?
True
Is 764334239 composite?
False
Is 469082813 a prime number?
True
Is 32085369139 prime?
False
Is 9169147237 a composite number?
False
Is 3276625799 a composite number?
True
Is 2077436671 a composite number?
True
Is 9981461459 a prime number?
True
Is 1207528117 a prime number?
True
Is 27702231449 composite?
False
Is 1307165791 composite?
True
Is 79639449763 prime?
True
Is 67519909 prime?
True
Is 245965747 a prime number?
True
Is 381764269 a composite number?
False
Is 6077285743 prime?
False
Is 9965223809 composite?
False
Is 1998339209 a composite number?
False
Is 61017966883 a prime number?
True
Is 59258934739 prime?
False
Is 1762755101 a prime number?
False
Is 187940927 prime?
False
Is 3424498463 a prime number?
True
Is 13599978043 a prime number?
True
Is 1811813189 prime?
False
Is 3983239501 prime?
False
Is 583488086 composite?
True
Is 3592754461 composite?
False
Is 4909455917 a prime number?
True
Is 1560888103 prime?
False
Is 504207773 prime?
True
Is 115994403557 a prime number?
True
Is 516794321 a composite number?
False
Is 8169796967 prime?
False
Is 6431627387 a composite number?
True
Is 78011776789 prime?
True
Is 2740942465 a composite number?
True
Is 1109172971 composite?
False
Is 4043478209 a composite number?
True
Is 2645921653 a prime number?
True
Is 91130657647 a composite number?
True
Is 652325426 composite?
True
Is 36059447 prime?
True
Is 307517473 a composite number?
False
Is 1380290557 prime?
True
Is 31452489869 a prime number?
False
Is 1827185089 a prime number?
False
Is 8203566403 prime?
True
Is 4116001349 prime?
False
Is 491860363 composite?
True
Is 12149234899 a prime number?
True
Is 195672913 a composite number?
False
Is 14039658805 a prime number?
False
Is 406049257 a composite number?
True
Is 29890998831 composite?
True
Is 6081066973 prime?
True
Is 22232196467 a prime number?
False
Is 326297003 prime?
True
Is 261115793 a prime number?
True
Is 549839530145 composite?
True
Is 1754425639 a prime number?
True
Is 302613581 composite?
False
Is 839994689 prime?
False
Is 141784133 a prime number?
True
Is 5461014791 a composite number?
False
Is 2115501701 composite?
True
Is 2772899603 a prime number?
True
Is 135118649 a prime number?
True
Is 102464066161 composite?
False
Is 19773937907 composite?
False
Is 39491298073 a composite number?
True
Is 546952697 prime?
True
Is 914505269 a composite number?
False
Is 389053637495 a prime number?
False
Is 15576652471 prime?
True
Is 1461881309 composite?
True
Is 824466559 composite?
True
Is 23568861059 prime?
True
Is 744887641 composite?
False
Is 53213051 composite?
False
Is 2116628753 a prime number?
True
Is 62351899 prime?
True
Is 30161295123 a prime number?
False
Is 48652131613 composite?
False
Is 1610728187 a composite number?
False
Is 2121908083 a composite number?
True
Is 223131677 a prime number?
True
Is 5099182481 a composite number?
False
Is 5